culate the remainder when u is divided by 40.
9
Let a = 18 - 13. Suppose 3*y + 3*d - 45 = 24, 4*d = -a*y + 111. Suppose -3*v = -2*b - 0*b - 34, 2*v - 18 = -b. Calculate the remainder when y is divided by v.
9
What is the remainder when (2 + 61)/(2/(0 - -2)) is divided by 32?
31
Suppose 5*m = 3*p + 15, 2*p = -5*m + p + 15. Suppose r = -m*b + 45, -3*b - r = 2*b - 75. What is the remainder when 59 is divided by b?
14
Let t(d) = -d**3 + 6*d**2 + 3*d + 8. Suppose 0*b + 3*b + 45 = 0. Let v = -8 - b. What is the remainder when t(6) is divided by v?
5
Suppose -s + 5 = -2*k - 2, 3*k = -4*s + 6. Let j(l) = l**2 - 4*l + 4. Let b be j(3). Calculate the remainder when (9 - 3 - b) + 2 is divided by s.
1
Let k be 21/5 - 1/5. Suppose -2*d - k*r + 2 + 96 = 0, -5*r = -10. What is the remainder when d is divided by 12?
9
Let u be 465/27 + 6/(-27). Suppose -27 = -0*t - 2*t - 5*d, 5*d + u = 2*t. Calculate the remainder when 20 is divided by t.
9
Suppose -3*s = 2*u - 227, 3*u + 296 = 4*s - u. Calculate the remainder when s is divided by 19.
18
Let v(r) = r**3 - 8*r**2 - 8*r - 3. What is the remainder when 21 is divided by v(9)?
3
Let n(k) = -5*k + 1. What is the remainder when 66 is divided by n(-5)?
14
Let h = -100 - -112. What is the remainder when 69 is divided by h?
9
Let g(n) = -n**3 + 12*n**2 - 11*n + 4. Let t be g(7). Suppose -2*c = 2*c + 3*u - t, -2*u = 3*c - 129. What is the remainder when c is divided by 11?
10
Suppose -3*p + 2*r - 88 = 0, 0 = -3*r + 6*r - 15. Calculate the remainder when 28 is divided by (-4)/p + 772/52.
13
Suppose 0 = 3*o + 3*t - 0*t - 3, 0 = 3*o + t - 9. Calculate the remainder when 21 is divided by o.
1
Suppose 0 = -d - d + 4. Suppose -d*y = 3*y - 20. Suppose -4 = m - 1, -2*b - 2*m + y = 0. What is the remainder when 13 is divided by b?
3
Let k(i) = i**3 + 10*i**2 + 7*i + 3. What is the remainder when 60 is divided by k(-9)?
18
Let z(i) = i**3 - 2*i**2 + 2*i - 6. Let q(g) = 2*g - 12. Let k be 3 - (0 + (-5)/1). Let h be q(k). Calculate the remainder when z(h) is divided by 18.
16
Suppose 4*n = n + 15. Suppose -30 = -n*u + 25. Calculate the remainder when u is divided by 4/14 + 40/7.
5
Suppose -2*o = d + 2*o - 23, -4*d + 2*o + 74 = 0. Let v(y) = -y**2 - 6*y - 1. Let t be v(-6). Calculate the remainder when d is divided by (-14)/(t + -1 + 0).
5
Let x(i) = i**2 + i + 36. Suppose 5*z = g + 20, -z = 2*g + 2*z - 12. What is the remainder when 141 is divided by x(g)?
33
Let p be 45/(-2)*(-32)/20. Let y = 81 - p. Calculate the remainder when y is divided by 23.
22
Suppose 0 = -q - 2*q + 6. Let o be (-7)/5 - 4/(-10). Let u = o + 3. Calculate the remainder when u is divided by q.
0
Suppose -3*w - 5 = 1. Let v be w*(-1 + 2/4). Let n = v - -18. What is the remainder when n is divided by 10?
9
Suppose 9*q = 5*q + 24. Suppose 2*k + 6*c = 4*c - q, 0 = -k - 2*c. Let t = 10 + k. Calculate the remainder when 10 is divided by t.
2
Let v = -12 - -18. Let f = 2 - -20. Calculate the remainder when f is divided by v.
4
Let q(k) = -2*k + 2. Calculate the remainder when 46 is divided by q(-5).
10
Let a = -5 + 15. Suppose 0 = u - 0 - 3. Suppose -85 = -4*q + u*d, q + 2*d - 19 = -6. What is the remainder when q is divided by a?
9
Let v be -2 + 4 - 1*5. Let x be ((-2)/(-2))/(v/(-3)). Calculate the remainder when 9 is divided by 1 + 5/x + -1.
4
Let d = 110 + -69. What is the remainder when d is divided by (-7)/(-1 - 2/(-4))?
13
Let w = 23 + -23. Let c(b) = b**2 + 61. What is the remainder when c(w) is divided by 21?
19
Suppose 0 = -3*i + 15, 0 = 5*t - 2*i + 6*i - 125. What is the remainder when 40 is divided by t?
19
Calculate the remainder when (4/(-6) - 4884/(-36)) + -2 is divided by 27.
25
Let j(b) = b - 1. Let u(i) = -i**2 - 6*i + 4. Let m(p) = -10*j(p) - 2*u(p). Let h be m(-3). Suppose q - h = 10. Calculate the remainder when 47 is divided by q.
23
What is the remainder when 54 is divided by (-5 - -4)/((-4)/40) + 1?
10
Let j(b) = -2 - 2*b + 2. Suppose -k + 35 = 4*n, 21*n - 16*n - 70 = -3*k. Calculate the remainder when k is divided by j(-2).
3
Let j be (-6 - 3)/((-1)/(-1)). Let c be (-69)/j - 1/(-3). Suppose -5*w - 54 + c = -3*u, -3*u - w = -16. What is the remainder when 13 is divided by u?
6
Let r(u) = 5 + u**2 - 1 - 5. Let i be r(-2). Suppose -y + i = -49. What is the remainder when y is divided by 18?
16
Suppose 2*k + 6 = 4*k. What is the remainder when 7 is divided by k?
1
Let z = -30 + 42. Let d(j) = 6*j**2 + 5*j**3 - 6*j**3 + 2 + 15*j - 5*j. What is the remainder when d(7) is divided by z?
11
Suppose -3*r + 138 + 507 = 0. What is the remainder when r is divided by 27?
26
Calculate the remainder when 119 is divided by 4/(-72)*-6 - 59/(-3).
19
Suppose 1 + 11 = 4*k. Suppose -5*x - k*v + 25 = -v, 0 = -5*x - 4*v + 15. Calculate the remainder when -1*1 - (-14)/((-8)/(-8)) is divided by x.
6
Let c(l) = -l**3 - 7*l**2 - l. Let i be c(-7). Suppose 4 = b - i. Calculate the remainder when 19 is divided by b.
8
Let n = 12 + -6. Let c = -10 - -14. Suppose -s + 17 = s - 5*p, 0 = -c*s + p + 43. Calculate the remainder when s is divided by n.
5
Let b(n) = n + 7. Let o = -34 - -53. What is the remainder when o is divided by b(0)?
5
Suppose 2*a = -21 - 223. Suppose 94*s - 91*s - 174 = 0. What is the remainder when s is divided by a/(-8) - 1/4?
13
What is the remainder when (13/3)/((-7)/(-105)) is divided by 19?
8
Let c(z) be the second derivative of -z**3 + z**2/2 + 2*z. Calculate the remainder when c(-3) is divided by 150/22 - 10/(-55).
5
Let i(a) = -2 + 1 - 2*a**2 + a + a**3 + 3. Let p(d) = -4*d - 1. Calculate the remainder when p(-3) is divided by i(2).
3
Suppose 2*d = -2*d + 160. What is the remainder when d is divided by 21?
19
Suppose 2*f + 34 = 2*d + 4*f, 0 = f - 2. Calculate the remainder when 117 is divided by d.
12
Let q = -19 - -32. What is the remainder when q is divided by 5?
3
Suppose -b = -6*b. Suppose 4*x + 2*i - 18 = b, -x + 0*i + i = -12. Calculate the remainder when 13 is divided by x.
6
Suppose -2*c + 8 = -3*c. Let b = c + 8. Suppose -5*k = 3*x + 1, -x + 4*k + 0*k + 28 = b. Calculate the remainder when 13 is divided by x.
5
Let x(m) be the second derivative of -17*m**3/3 - 2*m**2 - m. Let o be x(-7). What is the remainder when o/10 + 4/(-10) is divided by 13?
10
Let v(b) = 15*b**2 + 2*b - 9. Calculate the remainder when v(2) is divided by 29.
26
Let r(y) = y**2 - 3*y - 25. Calculate the remainder when 29 is divided by r(-5).
14
Let v(l) = l + 20. What is the remainder when 76 is divided by v(7)?
22
Suppose -w = 5*g + 2, 76 = w + 3*w - g. Suppose 0 = 5*l + w - 63. Calculate the remainder when 32 is divided by l.
5
Let q be (-6)/3 + (-3 - -11). Let i = q + -2. What is the remainder when i is divided by (0 - -2)/(1/1)?
0
Let d = 21 + -3. Suppose z = -4*z - 230. Let f = z + 98. What is the remainder when f is divided by d?
16
Suppose 2*x = 111 - 35. Suppose 0*v + v = x. What is the remainder when v is divided by 20?
18
Let w(p) = p**2 + 10*p + 25. Calculate the remainder when w(-10) is divided by 7.
4
Let g(t) = -8*t + 2*t**2 + 0 + 1 + 3*t**2 + 0*t**2 + t**3. Calculate the remainder when g(-6) is divided by 5.
3
Let d be (1/2)/((-2)/(-4)). Let n(x) = 2*x. Let z be n(d). Suppose 2*r + 4 = -g, 5*g - 5*r - 19 = -z*r. What is the remainder when 4 is divided by g?
0
Let n(l) = l**2 + l + 15. Calculate the remainder when n(0) is divided by 92/16 + (-2)/(-8).
3
Let j be (14*4/(-8))/(-1). Let t = j + 3. What is the remainder when t is divided by 3?
1
Suppose -3*j = -2*j - 19. Calculate the remainder when j is divided by 11.
8
Suppose -4*n = -74 - 210. Calculate the remainder when n is divided by 24.
23
Suppose 5*h - 89 = -d, 2*d = -0*d - 2. What is the remainder when h is divided by 11?
7
What is the remainder when (-3)/(3 + 396/(-128)) is divided by 11?
10
Suppose n - 72 = -n. Suppose 0 = -c + 5, 5*c - 44 = -5*w + 46. Calculate the remainder when n is divided by w.
10
Calculate the remainder when 1 is divided by -2 + -9*(-4)/12.
0
Let w be (29/(-2))/(8/16). Let y = -24 - w. What is the remainder when 12 is divided by y?
2
Suppose 10 = -4*o + 34. Suppose 0 = -3*u + o*u - 51. Calculate the remainder when 33 is divided by u.
16
Suppose 3*k - 6*k = 12. Calculate the remainder when 13 is divided by (k/(-12))/(1/21).
6
Let f = -1 + -18. Let p = 2 - f. What is the